e the prime factors of 372?
2, 3, 31
What are the prime factors of 421?
421
List the prime factors of 34022.
2, 17011
List the prime factors of 13734.
2, 3, 7, 109
List the prime factors of 156912.
2, 3, 7, 467
List the prime factors of 4263.
3, 7, 29
What are the prime factors of 1641?
3, 547
What are the prime factors of 64?
2
List the prime factors of 38923.
38923
List the prime factors of 191166.
2, 3, 151, 211
List the prime factors of 10121.
29, 349
List the prime factors of 5055.
3, 5, 337
List the prime factors of 33345.
3, 5, 13, 19
List the prime factors of 136467.
3, 59, 257
What are the prime factors of 12007?
12007
What are the prime factors of 2709?
3, 7, 43
What are the prime factors of 39824?
2, 19, 131
What are the prime factors of 4183?
47, 89
What are the prime factors of 4431?
3, 7, 211
What are the prime factors of 727?
727
List the prime factors of 2836.
2, 709
What are the prime factors of 35158?
2, 17579
List the prime factors of 32571.
3, 7, 11, 47
What are the prime factors of 33829?
33829
What are the prime factors of 22592?
2, 353
What are the prime factors of 231?
3, 7, 11
What are the prime factors of 49878?
2, 3, 17, 163
List the prime factors of 6182.
2, 11, 281
List the prime factors of 3958.
2, 1979
What are the prime factors of 886?
2, 443
List the prime factors of 1839.
3, 613
List the prime factors of 10745.
5, 7, 307
List the prime factors of 2375.
5, 19
What are the prime factors of 723?
3, 241
List the prime factors of 3427.
23, 149
List the prime factors of 4198.
2, 2099
What are the prime factors of 6066?
2, 3, 337
List the prime factors of 14046.
2, 3, 2341
List the prime factors of 51057.
3, 31, 61
What are the prime factors of 548?
2, 137
List the prime factors of 44155.
5, 8831
List the prime factors of 40617.
3, 4513
What are the prime factors of 31996?
2, 19, 421
What are the prime factors of 4856?
2, 607
List the prime factors of 281.
281
What are the prime factors of 61688?
2, 11, 701
What are the prime factors of 8765?
5, 1753
What are the prime factors of 1229?
1229
List the prime factors of 124743.
3, 43, 967
List the prime factors of 5346.
2, 3, 11
List the prime factors of 7336.
2, 7, 131
List the prime factors of 17366.
2, 19, 457
What are the prime factors of 1099?
7, 157
List the prime factors of 1282.
2, 641
What are the prime factors of 1348?
2, 337
List the prime factors of 84030.
2, 3, 5, 2801
List the prime factors of 25484.
2, 23, 277
List the prime factors of 87073.
7, 1777
List the prime factors of 80.
2, 5
List the prime factors of 1080.
2, 3, 5
List the prime factors of 66772.
2, 16693
List the prime factors of 392.
2, 7
What are the prime factors of 36098?
2, 18049
List the prime factors of 996.
2, 3, 83
What are the prime factors of 2106?
2, 3, 13
What are the prime factors of 955?
5, 191
List the prime factors of 882.
2, 3, 7
What are the prime factors of 1016?
2, 127
What are the prime factors of 1537?
29, 53
List the prime factors of 102533.
102533
List the prime factors of 14830.
2, 5, 1483
What are the prime factors of 3658?
2, 31, 59
List the prime factors of 11583.
3, 11, 13
List the prime factors of 124.
2, 31
What are the prime factors of 16768?
2, 131
What are the prime factors of 6593?
19, 347
What are the prime factors of 42305?
5, 8461
What are the prime factors of 324?
2, 3
What are the prime factors of 121558?
2, 60779
List the prime factors of 24872.
2, 3109
What are the prime factors of 22211?
7, 19, 167
List the prime factors of 320.
2, 5
What are the prime factors of 111607?
233, 479
List the prime factors of 16010.
2, 5, 1601
What are the prime factors of 9945?
3, 5, 13, 17
What are the prime factors of 8683?
19, 457
List the prime factors of 8005.
5, 1601
What are the prime factors of 2410?
2, 5, 241
What are the prime factors of 3053?
43, 71
What are the prime factors of 1077?
3, 359
List the prime factors of 752.
2, 47
List the prime factors of 117191.
117191
What are the prime factors of 955?
5, 191
List the prime factors of 54.
2, 3
List the prime factors of 428.
2, 107
List the prime factors of 276.
2, 3, 23
What are the prime factors of 961?
31
What are the prime factors of 411?
3, 137
What are the prime factors of 144?
2, 3
What are the prime factors of 84638?
2, 101, 419
List the prime factors of 5782.
2, 7, 59
List the prime factors of 1175.
5, 47
List the prime factors of 3493.
7, 499
List the prime factors of 1040.
2, 5, 13
What are the prime factors of 9279?
3, 1031
List the prime factors of 33455.
5, 6691
List the prime factors of 2363.
17, 139
List the prime factors of 17210.
2, 5, 1721
What are the prime factors of 6695?
5, 13, 103
List the prime factors of 319.
11, 29
What are the prime factors of 825?
3, 5, 11
List the prime factors of 391.
17, 23
What are the prime factors of 1580?
2, 5, 79
List the prime factors of 17393.
17393
List the prime factors of 1214.
2, 607
What are the prime factors of 108498?
2, 3, 13, 107
What are the prime factors of 3221?
3221
What are the prime factors of 2957?
2957
What are the prime factors of 5545?
5, 1109
List the prime factors of 6012.
2, 3, 167
What are the prime factors of 104077?
199, 523
List the prime factors of 412.
2, 103
What are the prime factors of 1300?
2, 5, 13
What are the prime factors of 12037?
12037
What are the prime factors of 930?
2, 3, 5, 31
What are the prime factors of 36197?
7, 5171
List the prime factors of 29278.
2, 14639
What are the prime factors of 58861?
11, 5351
What are the prime factors of 933?
3, 311
List the prime factors of 39542.
2, 17, 1163
List the prime factors of 13040.
2, 5, 163
What are the prime factors of 5881?
5881
What are the prime factors of 1890?
2, 3, 5, 7
List the prime factors of 16287.
3, 61, 89
List the prime factors of 23201.
23201
List the prime factors of 6948.
2, 3, 193
List the prime factors of 8457.
3, 2819
List the prime factors of 1375.
5, 11
List the prime factors of 830.
2, 5, 83
List the prime factors of 2409.
3, 11, 73
What are the prime factors of 817?
19, 43
What are the prime factors of 454?
2, 227
List the prime factors of 696.
2, 3, 29
List the prime factors of 25052.
2, 6263
What are the prime factors of 1763?
41, 43
List the prime factors of 80427.
3, 17, 19, 83
List the prime factors of 753.
3, 251
List the prime factors of 559.
13, 43
What are the prime factors of 70859?
59, 1201
What are the prime factors of 9325?
5, 373
List the prime factors of 5686.
2, 2843
List the prime factors of 164.
2, 41
List the prime factors of 30414.
2, 3, 37, 137
List the prime factors of 2296.
2, 7, 41
What are the prime factors of 25207?
7, 13, 277
List the prime factors of 78523.
17, 31, 149
List the prime factors of 77435.
5, 17, 911
What are the prime factors of 3081?
3, 13, 79
What are the prime factors of 4433?
11, 13, 31
What are the prime factors of 705?
3, 5, 47
What are the prime factors of 56739?
3, 18913
What are the prime factors of 5228?
2, 1307
List the prime factors of 2742.
2, 3, 457
List the prime factors of 38712.
2, 3, 1613
What are the prime factors of 5030?
2, 5, 503
List the prime factors of 5298.
2, 3, 883
List the prime factors of 7550.
2, 5, 151
List the prime factors of 13608.
2, 3, 7
What are the prime factors of 992?
2, 31
List the prime factors of 2588.
2, 647
What are the prime factors of 20402?
2, 101
What are the prime factors of 4113?
3, 457
List the prime factors of 711.
3, 79
What are the prime factors of 4616?
2, 577
List the prime factors of 1060.
2, 5, 53
List the prime factors of 5616.
2, 3, 13
What are the prime factors of 6927?
3, 2309
What are the prime factors of 8536?
2, 11, 97
List the prime factors of 3009.
3, 17, 59
What are the prime factors of 4583?
4583
List the prime factors of 49165.
5, 9833
What are the prime factors of 646?
2, 17, 19
List the prime factors of 5111.
19, 269
What are the prime factors of 4026?
2, 3, 11, 61
What are the prime factors of 15499?
11, 1409
What are the prime factors of 60494?
2, 7, 29, 149
List the prime factors of 1354.
2, 677
List the prime factors of 14686.
2, 7, 1049
What are the prime factors of 2502?
2, 3, 139
What are the prime factors of 10953?
3, 1217
List the prime factors of 72232.
2, 9029
What are the prime factors of 41337?
3, 1531
List the prime